der when 8033796 is divided by 14?
8
Calculate the remainder when 24239908 is divided by 24239892.
16
Calculate the remainder when 49974 is divided by 3182.
2244
What is the remainder when 7120 is divided by 6869?
251
Calculate the remainder when 2926081 is divided by 37.
10
What is the remainder when 19591879 is divided by 17827?
6
Calculate the remainder when 7023969 is divided by 1755979.
53
What is the remainder when 792027 is divided by 11821?
20
Calculate the remainder when 658126 is divided by 682.
678
What is the remainder when 15474 is divided by 15215?
259
Calculate the remainder when 894767 is divided by 256.
47
What is the remainder when 92492050 is divided by 282?
280
What is the remainder when 4018883 is divided by 9368?
11
What is the remainder when 78043 is divided by 5634?
4801
Calculate the remainder when 444669 is divided by 1566.
1491
What is the remainder when 12871645 is divided by 785?
0
What is the remainder when 851183729 is divided by 3?
2
What is the remainder when 15292062 is divided by 144?
126
Calculate the remainder when 2862962 is divided by 29.
24
What is the remainder when 309942 is divided by 1949?
51
What is the remainder when 63749618 is divided by 20?
18
What is the remainder when 682436 is divided by 52443?
677
What is the remainder when 178363 is divided by 178329?
34
What is the remainder when 77295 is divided by 38639?
17
What is the remainder when 38150 is divided by 525?
350
Calculate the remainder when 16078821 is divided by 1019.
20
Calculate the remainder when 122070603 is divided by 1356340.
3
Calculate the remainder when 319845 is divided by 159911.
23
What is the remainder when 64963 is divided by 63975?
988
What is the remainder when 500834 is divided by 542?
26
What is the remainder when 3411203053 is divided by 13?
11
What is the remainder when 39553 is divided by 192?
1
Calculate the remainder when 224932 is divided by 690.
682
Calculate the remainder when 1379403 is divided by 172364.
491
What is the remainder when 131711 is divided by 4816?
1679
Calculate the remainder when 31261 is divided by 603.
508
Calculate the remainder when 12244649 is divided by 31.
21
What is the remainder when 1527514 is divided by 1526?
1514
What is the remainder when 1458360 is divided by 42892?
32
Calculate the remainder when 699342 is divided by 930.
912
Calculate the remainder when 1229488 is divided by 614732.
24
Calculate the remainder when 148930600 is divided by 70151.
27
What is the remainder when 2422785 is divided by 33?
24
Calculate the remainder when 1283859 is divided by 26197.
206
Calculate the remainder when 363110 is divided by 51871.
13
Calculate the remainder when 1473227 is divided by 17.
7
What is the remainder when 972305 is divided by 486140?
25
Calculate the remainder when 443363908 is divided by 73893983.
10
What is the remainder when 126066 is divided by 677?
144
Calculate the remainder when 1155820 is divided by 2408.
2388
What is the remainder when 20390493 is divided by 3137?
3130
Calculate the remainder when 2027156 is divided by 2027034.
122
What is the remainder when 8703494 is divided by 5307?
14
What is the remainder when 102406 is divided by 11331?
427
What is the remainder when 11448562 is divided by 114?
112
Calculate the remainder when 67192383 is divided by 176822.
23
Calculate the remainder when 119175 is divided by 119166.
9
What is the remainder when 7996 is divided by 6068?
1928
What is the remainder when 3513721 is divided by 3513720?
1
What is the remainder when 10258771 is divided by 369?
202
Calculate the remainder when 152547 is divided by 13867.
10
Calculate the remainder when 104554 is divided by 85.
4
Calculate the remainder when 18911152 is divided by 16081.
15977
What is the remainder when 35208949 is divided by 37?
8
Calculate the remainder when 1633701 is divided by 334.
107
Calculate the remainder when 36447958 is divided by 518.
442
Calculate the remainder when 13502618 is divided by 2552.
2538
What is the remainder when 673134 is divided by 4007?
3965
Calculate the remainder when 52349804 is divided by 71.
13
Calculate the remainder when 152327 is divided by 20.
7
Calculate the remainder when 621935 is divided by 20044.
571
Calculate the remainder when 922516 is divided by 922168.
348
Calculate the remainder when 284471 is divided by 47311.
605
What is the remainder when 159043 is divided by 11117?
3405
What is the remainder when 12766136 is divided by 1373?
1355
What is the remainder when 3348370 is divided by 3345?
25
Calculate the remainder when 7122068 is divided by 580.
248
What is the remainder when 105167 is divided by 26204?
351
Calculate the remainder when 9286629 is divided by 2440.
2429
Calculate the remainder when 3867030 is divided by 2.
0
What is the remainder when 4330151 is divided by 26?
7
Calculate the remainder when 34875 is divided by 17320.
235
Calculate the remainder when 4104815 is divided by 1896.
1871
Calculate the remainder when 138501 is divided by 1618.
971
Calculate the remainder when 35688 is divided by 17744.
200
What is the remainder when 3946053 is divided by 179?
177
Calculate the remainder when 1700862 is divided by 85009.
682
Calculate the remainder when 4132195 is divided by 5554.
19
What is the remainder when 287906 is divided by 31989?
5
Calculate the remainder when 3524390 is divided by 3300.
3290
What is the remainder when 2227277 is divided by 331?
309
Calculate the remainder when 6003978 is divided by 16.
10
Calculate the remainder when 2490644 is divided by 37.
26
What is the remainder when 143958 is divided by 35905?
338
What is the remainder when 70353 is divided by 840?
633
Calculate the remainder when 661211083 is divided by 16954130.
13
Calculate the remainder when 1863887 is divided by 2526.
2225
What is the remainder when 1419679 is divided by 16318?
13
What is the remainder when 3344770 is divided by 136?
122
What is the remainder when 46969 is divided by 3395?
2834
Calculate the remainder when 1467126 is divided by 489035.
21
What is the remainder when 3926945 is divided by 1945?
1935
Calculate the remainder when 680715709 is divided by 19.
11
Calculate the remainder when 3717814 is divided by 697.
16
Calculate the remainder when 125925 is divided by 54.
51
Calculate the remainder when 190932 is divided by 190817.
115
What is the remainder when 342809143 is divided by 171404569?
5
What is the remainder when 71332160 is divided by 455?
445
What is the remainder when 5243205 is divided by 424?
21
Calculate the remainder when 16454225 is divided by 459.
452
Calculate the remainder when 20586 is divided by 1855.
181
What is the remainder when 22882638 is divided by 561?
9
Calculate the remainder when 131043 is divided by 65505.
33
What is the remainder when 12762958 is divided by 168?
166
What is the remainder when 3299057 is divided by 19520?
177
What is the remainder when 10407870 is divided by 74?
66
Calculate the remainder when 1559589 is divided by 519810.
159
Calculate the remainder when 11611108 is divided by 13517.
5
What is the remainder when 1445717 is divided by 137?
93
Calculate the remainder when 83690784 is divided by 5.
4
Calculate the remainder when 560148 is divided by 147.
78
Calculate the remainder when 15049061 is divided by 1494.
1493
Calculate the remainder when 178233901 is divided by 13710300.
1
Calculate the remainder when 169550880 is divided by 1214.
1212
Calculate the remainder when 18985 is divided by 6143.
556
Calculate the remainder when 20918062 is divided by 9556.
9534
Calculate the remainder when 7882401 is divided by 33259.
18
Calculate the remainder when 3222994 is divided by 2200.
2194
Calculate the remainder when 127039923 is divided by 907428.
3
Calculate the remainder when 623007 is divided by 154895.
3427
What is the remainder when 183484 is divided by 7338?
34
What is the remainder when 737019 is divided by 4833?
2403
Calculate the remainder when 13119 is divided by 1421.
330
What is the remainder when 349635 is divided by 1488?
1443
Calculate the remainder when 110523 is divided by 89.
74
Calculate the remainder when 8279030 is divided by 149.
143
What is the remainder when 4961821 is divided by 56?
53
What is the remainder when 174217897 is divided by 2516?
